{"id":2,"date":"2020-05-03T15:53:33","date_gmt":"2020-05-03T13:53:33","guid":{"rendered":"https:\/\/rzepedz.przemyska.pl\/?page_id=2"},"modified":"2020-06-02T12:00:46","modified_gmt":"2020-06-02T10:00:46","slug":"przykladowa-strona","status":"publish","type":"page","link":"https:\/\/rzepedz.przemyska.pl\/index.php\/przykladowa-strona\/","title":{"rendered":"Historia"},"content":{"rendered":"<p style=\"text-align: justify;\">Co \u0142\u0105czy ze sob\u0105 opr\u00f3cz osoby wsp\u00f3lnego proboszcza miejscowo\u015bci: <strong>Rzeped\u017a, Turza\u0144sk, Szczawne, Kulaszne, Jawornik<\/strong>? Wsp\u00f3lna historia. Wszystkie te miejscowo\u015bci lokowane by\u0142y na prawie wo\u0142oskim. Szczawne najwcze\u015bniej, bo w 1437 r., a pozosta\u0142e miejscowo\u015bci w XVI w. Ciekawie prezentuje si\u0119 pochodzenie nazw poszczeg\u00f3lnych miejscowo\u015bci. Jako, \u017ce pierwotnie miejscowo\u015bci te zamieszkiwali g\u0142\u00f3wnie \u0141emkowie, wi\u0119kszo\u015b\u0107 nazw wywodzi si\u0119 z tego j\u0119zyka. <strong>Kulaszne<\/strong> &#8211; nazwa widnieje w zapisach od 1538 r. i prawdopodobnie pochodzi od miejscowej potrawy &#8211; <em>kuleszy<\/em> (kleik z m\u0105ki). Niewiele os\u00f3b chyba wie, \u017ce od 1880 r., dzi\u0119ki inicjatywie dziedzica Truskolaskiego dzia\u0142a\u0142 w Kulasznem zak\u0142ad leczniczy klimatyczno-\u017c\u0119tyczny, nie cieszy\u0142 si\u0119 jednak du\u017c\u0105 popularno\u015bci\u0105. Mia\u0142 on &#8222;<em>wszelkie wody mineralne, restauracy\u0119 i wygodne mieszkania, pi\u0119kne spacery i ogr\u00f3d, nadto w niedalekiej Os\u0142awie k\u0105piele zimne rzeczne<\/em>&#8222;.<\/p>\n<p style=\"text-align: justify;\"><strong>Szczawne<\/strong> nazw\u0119 zawdzi\u0119cza \u017ar\u00f3d\u0142om mineralnym &#8211; szczawom. Nazywane Szczawin, Szczawna, Szczawnoj, Szczawnyj podczas zabor\u00f3w wesz\u0142o w sk\u0142ad rz\u0105dowych d\u00f3br kameralnych i zosta\u0142o sprzedane rodzinie Groblewskich, kt\u00f3ra maj\u0105tek utrzyma\u0142a a\u017c do parcelacji po II wojnie \u015bwiatowej. W Szczawnem znaleziono monety rzymskie z czas\u00f3w Trajana i Hadriana ( 100 &#8211; 138 . n.e. ), co wskazuje na biegn\u0105cy dolin\u0105 Os\u0142awy szlak handlowy.<\/p>\n<p style=\"text-align: justify;\"><strong>Rzeped\u017a<\/strong>, r\u00f3\u017cnie notowana w \u017ar\u00f3d\u0142ach z XVI w.- <em>Rzepiedzia, Repit,, Rypit, Rzepedka, Repidka<\/em>, nazw\u0119 sw\u0105 wywodzi od potoku tam przep\u0142ywaj\u0105cego &#8211; z rumu\u0144skiego &#8222;repede&#8221; \u00adszybki, bystry. Zniszczona przez wojska Jerzego II Rakoczego w 1657 r., obrabiano we wsi tylko jeden \u0142an, sta\u0142a si\u0119 w czasie zabor\u00f3w cz\u0119\u015bci\u0105 d\u00f3br rz\u0105dowych. By\u0142a te\u017c w\u0142asno\u015bci\u0105 Jana Kantego Podoleckiego i Stanis\u0142awa Niezabitowskiego, kt\u00f3ry po upadku powstania listopadowego osiad\u0142 tu na reszt\u0119 \u017cycia. Z czas\u00f3w I wojny \u015bwiatowej pozosta\u0142a nazwa jednej z \u0142\u0105k &#8211; Krawy \u0141az. W rejonie Rzepedzi bowiem toczono zaci\u0119te boje o wschodni\u0105 cz\u0119\u015b\u0107 grzbietu Kamienia.<\/p>\n<p style=\"text-align: justify;\"><em>Turze\u0144skie, Turza\u0144skie<\/em> w XVI w., a tak\u017ce \u0142emkowskie <em>Tury\u0144skyj, Tury\u0144sko, Turienskyj<\/em>. Pochodzenie tej nazwy te\u017c jest trudne do ustalenia. Jedne \u017ar\u00f3d\u0142a podaj\u0105, \u017ce to od herbu <em>Turzyna<\/em>, a ten od tur\u00f3w, inne, \u017ce od przybysz\u00f3w z jakiej\u015b wsi <em>Turzany<\/em>. Wie\u015b nie opar\u0142a si\u0119 najazdowi Jerzego II Rakoczego, pozosta\u0142 jeden uprawiany \u0142an, a w czasie I wojny \u015bwiatowej <strong>Turza\u0144sk<\/strong> przez d\u0142u\u017cszy czas znajdowa\u0142 si\u0119 na linii frontu. Poleg\u0142ych pochowano na\u00a0\u00a0\u00a0\u00a0\u00a0\u00a0 prze\u0142\u0119czy. Jesieni\u0105 1992 r. ustawiono pami\u0105tkowy krzy\u017c na kamiennym cokole.<\/p>\n<p style=\"text-align: justify;\">Kilka dom\u00f3w dzisiejszego <strong>Jawornika<\/strong> to \u015bwiadectwo t\u0119tni\u0105cej niegdy\u015b \u017cyciem wsi le\u017c\u0105cej w g\u0142\u0119bi doliny. Pochodzenie nazwy nie jest trudne do wyt\u0142umaczenia, bo \u0142emkowski <em>Jawirnyk<\/em> to zapewne od ukrai\u0144skiego <em>jawir<\/em> &#8211; jawor, <em>jawirnyk<\/em> &#8211; las jaworowy.<\/p>\n<p style=\"text-align: justify;\">Najazd wojsk Jerzego II Rakoczego, I wojna \u015bwiatowa, II wojna \u015bwiatowa, operacja \u201eWis\u0142a\u201d to tylko niekt\u00f3re bol\u0105ce chwile dla omawianych miejscowo\u015bci. Mo\u017cna odbudowa\u0107 dom, zaora\u0107 na nowo pole, ale nie mo\u017cna odrobi\u0107 strat moralnych poniesionych nie z w\u0142asnej winy i woli.<\/p>\n<p style=\"text-align: justify;\">\u017byczeniem \u015bp. Ks. Pra\u0142ata Por\u0119bskiego, mojego poprzednika w Koma\u0144czy by\u0142o, aby gdy powstanie ko\u015bci\u00f3\u0142, by\u0142 pod wezwaniem \u015bw. Maksymiliana Kolbego. To m\u0119czennik trudnych czas\u00f3w, kt\u00f3ry zwyci\u0119\u017cy\u0142 nienawi\u015b\u0107 obozu mi\u0142o\u015bci\u0105 a ziemi\u0119, na kt\u00f3rej mieszkamy dozna\u0142a nienawi\u015bci, nie tylko w czasie wojny, ale i p\u00f3\u017aniej, w latach 40-tych.<\/p>\n<p style=\"text-align: justify;\">Z Parafii tak\u017ce pochodzi\u0142 kolega i przyjaciel \u015aw. Maksymiliana brat Wawrzyniec Podwapi\u0144ski. Brat Wawrzyniec urodzi\u0142 si\u0119 w Radoszycach, gdzie rodzice Podwapi\u0144scy mieli posiad\u0142o\u015b\u0107, ich grobowiec jest na cmentarzu w Koma\u0144czy. Spotka\u0142 si\u0119 z nasz\u0105 pielgrzymk\u0105 w Niepokalanowie. By\u0142 s\u0142awnym zegarmistrzem, wyda\u0142 kilka tom\u00f3w \u201eZegarmistrzostwa\u201d.<\/p>\n<p style=\"text-align: justify;\">Parafia Koma\u0144cza, do kt\u00f3rej nale\u017ca\u0142a Rzeped\u017a powsta\u0142a w 1927 r. r\u00f3wnocze\u015bnie z powstaniem Klasztoru Si\u00f3str Nazaretanek.<br \/>\nW Rzepedzi pracownicy tartaku na tzw. Zajniczkach wybudowali drewniany barak, gdzie w 1927 r. Ks. proboszcz z Bukowska sprawowa\u0142 Msz\u0119 \u015bw. (teren Rzepedzi nale\u017ca\u0142 do parafii Bukowsko).<br \/>\nKs. bp Nowak zastanawia\u0142 si\u0119, gdzie utworzy\u0107 parafi\u0119 \u0142aci\u0144sk\u0105 \u2013 w Rzepedzi czy w Koma\u0144czy. Zadecydowa\u0142 o Koma\u0144czy, tam te\u017c powsta\u0142 ko\u015bci\u00f3\u0142 i plebania.<br \/>\nKs. Por\u0119bski, kt\u00f3ry przyszed\u0142 do Koma\u0144czy w 1938 r. by\u0142 czwartym proboszczem. Od 1944 r. siedzib\u0105 parafii by\u0142 klasztor, bo ko\u015bci\u00f3\u0142 i plebania sp\u0142on\u0119\u0142y.<br \/>\nNowy (obecny) ko\u015bci\u00f3\u0142 zosta\u0142 po\u015bwi\u0119cony w 1957 r. ju\u017c po uwolnieniu Ksi\u0119dza Prymasa z klasztoru.<br \/>\nW czasie pobytu Ksi\u0119dza Prymasa w klasztorze SS. Nazaretanek mieszka\u0142 tam te\u017c ks. Por\u0119bski, ja jako wikariusz przez 4 lata tak\u017ce mieszka\u0142em w klasztorze, bo nie by\u0142o plebanii.<br \/>\nPo wojnie ks. Por\u0119bski odprawia\u0142 Msze \u015bw. w Klasztorze, ko\u015bciele, w Wis\u0142oku, Smolniku, Radoszycach, Turza\u0144sku, Rzepedzi Wsi, Kulasznem, a nawet w cerkwi w Koma\u0144czy, gdy przyjaciel ksi\u0119dza Pra\u0142ata, ksi\u0105dz greckokatolicki, Ks. Kaleniuk ukrywa\u0142 si\u0119 przed UB.<br \/>\nZ powstaniem parafii w Rzepedzi by\u0142y k\u0142opoty z pozwoleniem (dziesi\u0105tki wyjazd\u00f3w, delegacji i moich do Krosna) oraz z lokalizacj\u0105.<br \/>\nMy\u015bleli\u015bmy na g\u00f3rce ko\u0142o przedszkola, za torami kolejowymi, na \u201eKubie\u201d, w ko\u0144cu za\u0142atwili\u015bmy obecny plac, jako jedyny prywatny, gdzie bez pozwolenia mo\u017cna by\u0142o zaczyna\u0107 budow\u0119.<br \/>\nWielka wdzi\u0119czno\u015b\u0107 ludziom z parafii i spoza za ofiarno\u015b\u0107 i prac\u0119.<br \/>\nWiele razy w czasie budowy by\u0142 obecny Ks. Bp Ordynariusz Ignacy Tokarczuk.<br \/>\nWielka pomoc Zak\u0142adu, kierownictwa (p. Kozdru\u0144, p. Gadomski, p. Stalica).<br \/>\nWymieni\u0119 tylko kilku zmar\u0142ych, kt\u00f3rzy bardzo si\u0119 zas\u0142u\u017cyli: \u015bp. in\u017c. Rz\u0105dca projektant ko\u015bcio\u0142a (bezp\u0142atnie), p. Janowski z Sanoka, p. Kosz z Czaszyna, p. \u015awierad, Bargie\u0142, Soja, Telesz, Podstawski, B\u0142o\u0144ski, Florczak, Babiarz, Czenczek, Kurasz, Koza, Tabasz, Klimkowski i wielu innych.<br \/>\nTakie by\u0142y pocz\u0105tki.<\/p>\n<p style=\"text-align: right;\"><em>(ks. pra\u0142. Boles\u0142aw Burek)<\/em><\/p>\n","protected":false},"excerpt":{"rendered":"<p>Co \u0142\u0105czy ze sob\u0105 opr\u00f3cz osoby wsp\u00f3lnego proboszcza miejscowo\u015bci: Rzeped\u017a, Turza\u0144sk, Szczawne, Kulaszne, Jawornik? Wsp\u00f3lna historia. Wszystkie te miejscowo\u015bci lokowane by\u0142y na prawie wo\u0142oskim. Szczawne najwcze\u015bniej, bo w 1437 r., a pozosta\u0142e miejscowo\u015bci w XVI w. Ciekawie prezentuje si\u0119 pochodzenie nazw poszczeg\u00f3lnych miejscowo\u015bci. Jako, \u017ce pierwotnie miejscowo\u015bci te zamieszkiwali g\u0142\u00f3wnie \u0141emkowie, wi\u0119kszo\u015b\u0107 nazw wywodzi si\u0119 [&hellip;]<\/p>\n","protected":false},"author":1,"featured_media":6,"parent":0,"menu_order":0,"comment_status":"closed","ping_status":"open","template":"","meta":{"footnotes":""},"class_list":["post-2","page","type-page","status-publish","has-post-thumbnail","czr-hentry"],"jetpack_sharing_enabled":true,"_links":{"self":[{"href":"https:\/\/rzepedz.przemyska.pl\/index.php\/wp-json\/wp\/v2\/pages\/2","targetHints":{"allow":["GET"]}}],"collection":[{"href":"https:\/\/rzepedz.przemyska.pl\/index.php\/wp-json\/wp\/v2\/pages"}],"about":[{"href":"https:\/\/rzepedz.przemyska.pl\/index.php\/wp-json\/wp\/v2\/types\/page"}],"author":[{"embeddable":true,"href":"https:\/\/rzepedz.przemyska.pl\/index.php\/wp-json\/wp\/v2\/users\/1"}],"replies":[{"embeddable":true,"href":"https:\/\/rzepedz.przemyska.pl\/index.php\/wp-json\/wp\/v2\/comments?post=2"}],"version-history":[{"count":0,"href":"https:\/\/rzepedz.przemyska.pl\/index.php\/wp-json\/wp\/v2\/pages\/2\/revisions"}],"wp:featuredmedia":[{"embeddable":true,"href":"https:\/\/rzepedz.przemyska.pl\/index.php\/wp-json\/wp\/v2\/media\/6"}],"wp:attachment":[{"href":"https:\/\/rzepedz.przemyska.pl\/index.php\/wp-json\/wp\/v2\/media?parent=2"}],"curies":[{"name":"wp","href":"https:\/\/api.w.org\/{rel}","templated":true}]}}