{"id":368,"date":"2021-01-11T20:41:45","date_gmt":"2021-01-11T19:41:45","guid":{"rendered":"https:\/\/rzepedz.przemyska.pl\/?page_id=368"},"modified":"2021-01-12T10:25:13","modified_gmt":"2021-01-12T09:25:13","slug":"kaplanstwo","status":"publish","type":"page","link":"https:\/\/rzepedz.przemyska.pl\/index.php\/kaplanstwo\/","title":{"rendered":"Kap\u0142a\u0144stwo"},"content":{"rendered":"<p style=\"text-align: justify;\"><strong><img loading=\"lazy\" decoding=\"async\" class=\"size-medium wp-image-426 alignleft\" src=\"https:\/\/rzepedz.przemyska.pl\/wp-content\/uploads\/2021\/01\/Sakrament_Kaplanstwo-300x300-1-300x300.jpg\" alt=\"\" width=\"300\" height=\"300\" srcset=\"https:\/\/rzepedz.przemyska.pl\/wp-content\/uploads\/2021\/01\/Sakrament_Kaplanstwo-300x300-1.jpg 300w, https:\/\/rzepedz.przemyska.pl\/wp-content\/uploads\/2021\/01\/Sakrament_Kaplanstwo-300x300-1-150x150.jpg 150w\" sizes=\"auto, (max-width: 300px) 100vw, 300px\" \/>Sakrament kap\u0142a\u0144stwa <\/strong>ustanowi\u0142 Pan Jezus w Jerozolimie, w Wieczerniku, w przededniu swojej m\u0119ki i \u015bmierci na krzy\u017cu. Sakrament ten zaistnia\u0142 w zwi\u0105zku z Eucharysti\u0105 i dla jej sprawowania (por. \u0141k 22, 19; 1 Kor 11, 24-26). Jednak ma du\u017co szersze znaczenie.<\/p>\n<p style=\"text-align: justify;\">Ju\u017c sama etymologia naprowadza na sens kap\u0142a\u0144stwa. \u0141aci\u0144skie s\u0142owo <em>sacerdos <\/em>oznacza daj\u0105cego dost\u0119p do tego, co \u015bwi\u0119te (sacrum). Drugie okre\u015blenie kap\u0142ana \u2013 <em>pontifex<\/em> \u2013 oznacza \u201ebuduj\u0105cego most\u201d. Kap\u0142an buduje pomost pomi\u0119dzy doczesno\u015bci\u0105 a wieczno\u015bci\u0105 oraz mi\u0119dzy cz\u0142owiekiem a\u00a0Bogiem i wsp\u00f3lnot\u0105. Natomiast s\u0142owo prezbiter pochodzi z j\u0119zyka greckiego, w kt\u00f3rym oznacza prze\u0142o\u017conego dawnej gminy chrze\u015bcija\u0144skiej, starszego nie tyle wiekiem, co wy\u017cszego funkcj\u0105.<\/p>\n<p style=\"text-align: justify;\">Ka\u017cdy ochrzczony ma udzia\u0142 w jedynym skutecznym Kap\u0142a\u0144stwie Chrystusa, kt\u00f3re istnieje w dw\u00f3ch odmianach: jako powszechne kap\u0142a\u0144stwo wiernych i kap\u0142a\u0144stwo hierarchiczne, czyli s\u0142u\u017cebne. Przez sakrament \u015bwi\u0119ce\u0144 jest udzielane kap\u0142a\u0144stwo urz\u0119dowe, dla s\u0142u\u017cby wsp\u00f3lnocie. <strong>Sakrament \u015bwi\u0119ce\u0144 <\/strong>obejmuje trzy stopnie: <strong>episkopat, prezbiterat i diakonat.<\/strong><\/p>\n<p style=\"text-align: justify;\">Biblia uczy, \u017ce kap\u0142a\u0144stwa nikt nie mo\u017ce sam sobie wybra\u0107 (Hbr 5, 1-4). Jest ono niezale\u017cnym darem Bo\u017cym, konsekwencj\u0105 us\u0142yszanego g\u0142osu powo\u0142ania i pozytywnej odpowiedzi cz\u0142owieka na wol\u0119 Boga. Szczeg\u00f3lny okres rozeznawania powo\u0142ania to pobyt kandydata w Seminarium Duchownym lub Nowicjacie Zakonnym.<\/p>\n<p style=\"text-align: justify;\"><strong>Sakrament kap\u0142a\u0144stwa wewn\u0119trznie upodabnia do Chrystusa w wype\u0142nianiu trzech g\u0142\u00f3wnych zada\u0144: nauczania, u\u015bwi\u0119cania i rz\u0105dzenia. <\/strong>S\u0105 one w rzeczywisto\u015bci dzia\u0142aniami zmartwychwsta\u0142ego Jezusa, kt\u00f3ry budzi wiar\u0119, gromadzi ludzi, tworzy jedno\u015b\u0107 Ko\u015bcio\u0142a i prowadzi do zbawienia. Przez otrzymane \u015bwi\u0119cenia kap\u0142an wchodzi w wewn\u0119trzn\u0105 komuni\u0119 z Jezusem. Dzia\u0142a moc\u0105 i w osobie samego Chrystusa <em>(virtute ac persona ipsius Christi) <\/em>zob. (Pius XII, enc. Mediator Dei.), kt\u00f3ry\u00a0uobecnia swoje dzia\u0142anie przez niego, zw\u0142aszcza wtedy, gdy kap\u0142an dokonuje akt\u00f3w sakramentalnych, np. chrztu, rozgrzeszenia lub konsekracji chleba i wina. Pierwszym zadaniem wynikaj\u0105cym z sakramentu kap\u0142a\u0144stwa jest pos\u0142uga nauczania. Punktem odniesienia jest obraz Jezusa \u2013 Dobrego Pasterza (J 10), kt\u00f3ry interpretowa\u0142 Pisma i jasno wskazywa\u0142 kierunek. St\u0105d sakrament ten wyznacza i uzdalnia do misji g\u0142oszenia tego, czego Jezus naucza\u0142, a co Ko\u015bci\u00f3\u0142 wiernie przekazuje. Kap\u0142an uczy w imieniu Chrystusa. Proponuje prawd\u0119, kt\u00f3r\u0105 s\u0105 Jego s\u0142owa i spos\u00f3b post\u0119powania. Ma\u00a0za zadanie ukazywa\u0107 jedyn\u0105 Moc zdoln\u0105 dokona\u0107 trwa\u0142ej odnowy cz\u0142owieka. G\u0142osem i sercem, dotykiem i decyzjami kap\u0142an uobecnia jedyn\u0105 i powszechn\u0105 nauk\u0119, kt\u00f3ra stworzy\u0142a Ko\u015bci\u00f3\u0142 i\u00a0gwarantuje szcz\u0119\u015bliwe \u017cycie wieczne.<\/p>\n<p style=\"text-align: justify;\"><strong>Informacje dla Kandydat\u00f3w do Wy\u017cszego Seminarium Duchownego w Przemy\u015blu zob.<\/strong><a href=\"http:\/\/wsd.przemyska.pl\/dla-kandydatow\/\" target=\"_blank\" rel=\"noopener\"> http:\/\/wsd.przemyska.pl\/dla-kandydatow\/<\/a><\/p>\n<p style=\"text-align: justify;\">Nauczanie Ko\u015bcio\u0142a Katolickiego na\u00a0temat Kap\u0142a\u0144stwa: <a href=\"http:\/\/www.katechizm.opoka.org.pl\/rkkkII-2-3.htm\" target=\"_blank\" rel=\"noopener\"><strong>Katechizm Ko\u015bcio\u0142a Katolickiego pkt. 1536-1600.<\/strong><\/a><\/p>\n<p style=\"text-align: justify;\">Obowi\u0105zuj\u0105ce normy prawne: <a href=\"https:\/\/www.katolicki.net\/ftp\/kodeks_prawa_kanonicznego.pdf\" target=\"_blank\" rel=\"noopener\"><strong>Kodeks Prawa Kanonicznego kan. 1008-1054.<\/strong><\/a><\/p>\n","protected":false},"excerpt":{"rendered":"<p>Sakrament kap\u0142a\u0144stwa ustanowi\u0142 Pan Jezus w Jerozolimie, w Wieczerniku, w przededniu swojej m\u0119ki i \u015bmierci na krzy\u017cu. Sakrament ten zaistnia\u0142 w zwi\u0105zku z Eucharysti\u0105 i dla jej sprawowania (por. \u0141k 22, 19; 1 Kor 11, 24-26). Jednak ma du\u017co szersze znaczenie. Ju\u017c sama etymologia naprowadza na sens kap\u0142a\u0144stwa. \u0141aci\u0144skie s\u0142owo sacerdos oznacza daj\u0105cego dost\u0119p do [&hellip;]<\/p>\n","protected":false},"author":1,"featured_media":0,"parent":0,"menu_order":0,"comment_status":"closed","ping_status":"closed","template":"","meta":{"footnotes":""},"class_list":["post-368","page","type-page","status-publish","czr-hentry"],"jetpack_sharing_enabled":true,"_links":{"self":[{"href":"https:\/\/rzepedz.przemyska.pl\/index.php\/wp-json\/wp\/v2\/pages\/368","targetHints":{"allow":["GET"]}}],"collection":[{"href":"https:\/\/rzepedz.przemyska.pl\/index.php\/wp-json\/wp\/v2\/pages"}],"about":[{"href":"https:\/\/rzepedz.przemyska.pl\/index.php\/wp-json\/wp\/v2\/types\/page"}],"author":[{"embeddable":true,"href":"https:\/\/rzepedz.przemyska.pl\/index.php\/wp-json\/wp\/v2\/users\/1"}],"replies":[{"embeddable":true,"href":"https:\/\/rzepedz.przemyska.pl\/index.php\/wp-json\/wp\/v2\/comments?post=368"}],"version-history":[{"count":0,"href":"https:\/\/rzepedz.przemyska.pl\/index.php\/wp-json\/wp\/v2\/pages\/368\/revisions"}],"wp:attachment":[{"href":"https:\/\/rzepedz.przemyska.pl\/index.php\/wp-json\/wp\/v2\/media?parent=368"}],"curies":[{"name":"wp","href":"https:\/\/api.w.org\/{rel}","templated":true}]}}