{"id":53,"date":"2020-05-03T18:30:26","date_gmt":"2020-05-03T16:30:26","guid":{"rendered":"https:\/\/rzepedz.przemyska.pl\/?page_id=53"},"modified":"2021-01-09T19:32:26","modified_gmt":"2021-01-09T18:32:26","slug":"duszpasterze","status":"publish","type":"page","link":"https:\/\/rzepedz.przemyska.pl\/index.php\/duszpasterze\/","title":{"rendered":"Duszpasterze"},"content":{"rendered":"<p>Kap\u0142ani pracuj\u0105cy w parafii Rzeped\u017a:<\/p>\n<p>Proboszczowie:<br \/>\n<strong>Ks. Pra\u0142at Boles\u0142aw Burek<\/strong> (1984-2019)<br \/>\n<strong>Ks. Adam Ryba<\/strong> (2019- )<\/p>\n<p>Wikariusze:<br \/>\nKoma\u0144cza: 1982\u20131984 \u2013 <strong>ks. Kazimierz Rojek<\/strong><br \/>\n1986\u20131988 \u2013 <strong>\u015bp. ks. Zbigniew Kaszuba, +2015<\/strong><br \/>\n1988\u20131990 \u2013 <strong>\u015bp. Ks. Czes\u0142aw Kogut, +2003<\/strong><br \/>\n1990\u20131993 \u2013<strong> ks. Grzegorz Janowski<\/strong><br \/>\n1993\u20131995 \u2013 <strong>ks. Jacek Czerkas<\/strong><br \/>\n1995\u20131998 \u2013 <strong>\u015bp. ks. Jacek Ruszel, +2003<\/strong><br \/>\n1998\u00a0\u00a0\u00a0\u00a0\u00a0\u00a0\u00a0\u00a0\u00a0\u00a0 \u2013 <strong>ks. Adam Chocho\u0142ek<\/strong><br \/>\n1998\u20132000 \u2013 <strong>ks. Ireneusz Karpi\u0144ski<\/strong><br \/>\n2000\u20132002 \u2013 <strong>ks. Marek Dec<\/strong><br \/>\n2002\u20132004 \u2013 <strong>ks. Mariusz Mul<\/strong><br \/>\n2004\u20132006 \u2013 <strong>ks. Zenon \u015acirko<\/strong><br \/>\n2006\u20132008 \u2013 <strong>ks. Janusz Krygowski<\/strong><br \/>\n2008-2010 \u2013<strong> ks. Marcin Ziobro<\/strong><br \/>\n2010-2012 \u2013 <strong>\u015bp. ks. Krzysztof Zygar, +2017<\/strong><br \/>\n2012-2014 \u2013 <strong>ks. W\u0142odzimierz Nowak<\/strong><br \/>\n2014-2017 \u2013 <strong>ks. Tomasz Ruszel<\/strong><br \/>\n2017-2019 \u2013<strong> ks. Pawe\u0142 Pomyka\u0142a<\/strong><\/p>\n<p>Kap\u0142ani pochodz\u0105cy z Rzepedzi:<br \/>\n\u2022 <strong>o. S\u0142awomir Zieli\u0144ski OFMConv<\/strong><br \/>\n\u2022 <strong>o. Piotr Chmielowski OFMConv<\/strong><\/p>\n","protected":false},"excerpt":{"rendered":"<p>Kap\u0142ani pracuj\u0105cy w parafii Rzeped\u017a: Proboszczowie: Ks. Pra\u0142at Boles\u0142aw Burek (1984-2019) Ks. Adam Ryba (2019- ) Wikariusze: Koma\u0144cza: 1982\u20131984 \u2013 ks. Kazimierz Rojek 1986\u20131988 \u2013 \u015bp. ks. Zbigniew Kaszuba, +2015 1988\u20131990 \u2013 \u015bp. Ks. Czes\u0142aw Kogut, +2003 1990\u20131993 \u2013 ks. Grzegorz Janowski 1993\u20131995 \u2013 ks. Jacek Czerkas 1995\u20131998 \u2013 \u015bp. ks. Jacek Ruszel, +2003 1998\u00a0\u00a0\u00a0\u00a0\u00a0\u00a0\u00a0\u00a0\u00a0\u00a0 [&hellip;]<\/p>\n","protected":false},"author":1,"featured_media":0,"parent":0,"menu_order":0,"comment_status":"closed","ping_status":"closed","template":"","meta":{"footnotes":""},"class_list":["post-53","page","type-page","status-publish","czr-hentry"],"jetpack_sharing_enabled":true,"_links":{"self":[{"href":"https:\/\/rzepedz.przemyska.pl\/index.php\/wp-json\/wp\/v2\/pages\/53","targetHints":{"allow":["GET"]}}],"collection":[{"href":"https:\/\/rzepedz.przemyska.pl\/index.php\/wp-json\/wp\/v2\/pages"}],"about":[{"href":"https:\/\/rzepedz.przemyska.pl\/index.php\/wp-json\/wp\/v2\/types\/page"}],"author":[{"embeddable":true,"href":"https:\/\/rzepedz.przemyska.pl\/index.php\/wp-json\/wp\/v2\/users\/1"}],"replies":[{"embeddable":true,"href":"https:\/\/rzepedz.przemyska.pl\/index.php\/wp-json\/wp\/v2\/comments?post=53"}],"version-history":[{"count":0,"href":"https:\/\/rzepedz.przemyska.pl\/index.php\/wp-json\/wp\/v2\/pages\/53\/revisions"}],"wp:attachment":[{"href":"https:\/\/rzepedz.przemyska.pl\/index.php\/wp-json\/wp\/v2\/media?parent=53"}],"curies":[{"name":"wp","href":"https:\/\/api.w.org\/{rel}","templated":true}]}}